{"id":5932,"date":"2023-03-23T07:17:13","date_gmt":"2023-03-23T07:17:13","guid":{"rendered":"https:\/\/csasevilla.org\/WordPress\/?page_id=5932"},"modified":"2023-03-23T07:38:45","modified_gmt":"2023-03-23T07:38:45","slug":"programa-tei","status":"publish","type":"page","link":"https:\/\/csasevilla.org\/WordPress\/index.php\/programa-tei","title":{"rendered":"Programa TEI"},"content":{"rendered":"\t\t<div data-elementor-type=\"wp-page\" data-elementor-id=\"5932\" class=\"elementor elementor-5932\" data-elementor-post-type=\"page\">\n\t\t\t\t\t\t<section class=\"elementor-section elementor-top-section elementor-element elementor-element-d586a1a elementor-section-content-top elementor-section-boxed elementor-section-height-default elementor-section-height-default wpr-particle-no wpr-jarallax-no wpr-parallax-no wpr-sticky-section-no\" data-id=\"d586a1a\" data-element_type=\"section\">\n\t\t\t\t\t\t<div class=\"elementor-container elementor-column-gap-default\">\n\t\t\t\t\t<div class=\"elementor-column elementor-col-50 elementor-top-column elementor-element elementor-element-f1d189a\" data-id=\"f1d189a\" data-element_type=\"column\">\n\t\t\t<div class=\"elementor-widget-wrap elementor-element-populated\">\n\t\t\t\t\t\t<div class=\"elementor-element elementor-element-d9f8db0 elementor-widget elementor-widget-video\" data-id=\"d9f8db0\" data-element_type=\"widget\" data-settings=\"{&quot;youtube_url&quot;:&quot;https:\\\/\\\/www.youtube.com\\\/watch?v=kyeV2M94tZA&quot;,&quot;video_type&quot;:&quot;youtube&quot;,&quot;controls&quot;:&quot;yes&quot;}\" data-widget_type=\"video.default\">\n\t\t\t\t<div class=\"elementor-widget-container\">\n\t\t\t\t\t\t\t<div class=\"elementor-wrapper elementor-open-inline\">\n\t\t\t<div class=\"elementor-video\"><\/div>\t\t<\/div>\n\t\t\t\t\t\t<\/div>\n\t\t\t\t<\/div>\n\t\t\t\t\t<\/div>\n\t\t<\/div>\n\t\t\t\t<div class=\"elementor-column elementor-col-50 elementor-top-column elementor-element elementor-element-ed093ad\" data-id=\"ed093ad\" data-element_type=\"column\">\n\t\t\t<div class=\"elementor-widget-wrap elementor-element-populated\">\n\t\t\t\t\t\t<div class=\"elementor-element elementor-element-a1db08f elementor-widget elementor-widget-video\" data-id=\"a1db08f\" data-element_type=\"widget\" data-settings=\"{&quot;youtube_url&quot;:&quot;https:\\\/\\\/youtu.be\\\/E467a7NfYgM&quot;,&quot;video_type&quot;:&quot;youtube&quot;,&quot;controls&quot;:&quot;yes&quot;}\" data-widget_type=\"video.default\">\n\t\t\t\t<div class=\"elementor-widget-container\">\n\t\t\t\t\t\t\t<div class=\"elementor-wrapper elementor-open-inline\">\n\t\t\t<div class=\"elementor-video\"><\/div>\t\t<\/div>\n\t\t\t\t\t\t<\/div>\n\t\t\t\t<\/div>\n\t\t\t\t\t<\/div>\n\t\t<\/div>\n\t\t\t\t\t<\/div>\n\t\t<\/section>\n\t\t\t\t<section class=\"elementor-section elementor-top-section elementor-element elementor-element-933f742 elementor-section-boxed elementor-section-height-default elementor-section-height-default wpr-particle-no wpr-jarallax-no wpr-parallax-no wpr-sticky-section-no\" data-id=\"933f742\" data-element_type=\"section\">\n\t\t\t\t\t\t<div class=\"elementor-container elementor-column-gap-default\">\n\t\t\t\t\t<div class=\"elementor-column elementor-col-100 elementor-top-column elementor-element elementor-element-19ddd8e\" data-id=\"19ddd8e\" data-element_type=\"column\">\n\t\t\t<div class=\"elementor-widget-wrap elementor-element-populated\">\n\t\t\t\t\t\t<div class=\"elementor-element elementor-element-728ecc9 elementor-widget elementor-widget-text-editor\" data-id=\"728ecc9\" data-element_type=\"widget\" data-widget_type=\"text-editor.default\">\n\t\t\t\t<div class=\"elementor-widget-container\">\n\t\t\t\t\t\t\t\t\t<p style=\"font-weight: 400;\">La reciente publicaci\u00f3n de la carta enc\u00edclica del papa Francisco <em>Fratelli tutti<\/em>, sobre la fraternidad y amistad social, es un ejemplo muy relevante del completo alineamiento que el Programa TEI de tutor\u00eda entre iguales, tiene con el humanismo cristiano. Aunque la carta est\u00e1 escrita desde sus convicciones cristianas, el Papa nos recuerda que \u201c\u2026he procurado hacerlo de tal manera que la reflexi\u00f3n se abra al di\u00e1logo con todas las personas de buena voluntad\u201d (7).<\/p><p style=\"font-weight: 400;\">En este sentido se trata de un gran documento, hondo y rico, magistralmente formulado, capaz de suscitar amplios consensos sobre la importancia y el origen de los males que aquejan a la humanidad, \u201clas sombras de un mundo cerrado\u201d y como las soluciones propuestas pasan por un permanente redescubrimiento del bien que nos trae la fraternidad entre las personas, una fraternidad que yendo m\u00e1s all\u00e1 de los c\u00edrculos estrechos de la familia y los amigos, nos proyecta hacia todos aquellos que sufren, ya sean cercanos o lejanos, conocidos o no. \u201cUn ser humano est\u00e1 hecho de tal manera que no se realiza, no se desarrolla ni puede encontrar su plenitud \u201csi no es en la entrega sincera de s\u00ed mismo a los dem\u00e1s\u201d\u201d (87)<\/p><p style=\"font-weight: 400;\">Esa fraternidad la vincula el Papa a la naturaleza humana y a la felicidad de quien busca el apego a lo bueno, a trav\u00e9s de una vida servicio: \u201cel servicio \u201ces en gran parte cuidar la fragilidad. Servir significa cuidar a los fr\u00e1giles de nuestras familias, de nuestra sociedad, de nuestro pueblo\u201d.\u00a0 En esta tarea cada uno es capaz \u201cde dejar de lado sus b\u00fasquedas, afanes, deseos de omnipotencia ante la mirada concreta de lo m\u00e1s fr\u00e1giles [\u2026] El servicio mira el rostro del hermano, toca su carne, siente su projimidad y hasta en algunos casos \u201cle padece\u201d y busca la promoci\u00f3n del hermano. Por eso el servicio no es ideol\u00f3gico, ya que no sirve a ideas, sino que sirve a personas\u201d.<\/p><p style=\"font-weight: 400;\">En el cap\u00edtulo segundo, \u201c<em>un extra\u00f1o en el camino\u201d<\/em>, el Papa hace uso del conocido relato evang\u00e9lico del buen samaritano, para profundizar en las ra\u00edces de la fraternidad, analizando el papel jugado por los distintos protagonistas de la par\u00e1bola. Hablando de los ladrones que en el relato robaron e hirieron al caminante, escribe: \u201cLos \u201csalteadores del camino\u201d suelen tener como aliados a los que \u201cpasan por el camino mirando a otro lado\u201d\u201d (75). Es una referencia muy directa al papel tan negativo que tienen los espectadores de un agresi\u00f3n al inhibirse y no poner freno o no denunciar lo que est\u00e1n presenciando. Nos recuerda el gran \u00e9nfasis que pone la pedagog\u00eda TEI en movilizar a quienes presencian y asisten a situaciones donde una persona humilla a otra, por el simple placer de hacerle da\u00f1o y de demostrar que puede proceder as\u00ed ya que nadie est\u00e1 dispuesto a interponerse e impedirlo. La pregunta que cualquiera hemos de responder: \u201c\u00bfDejaremos tirado al que est\u00e1 lastimado para correr cada uno a guarecerse de la violencia o a perseguir a los ladrones?\u201d (73)<\/p><p style=\"font-weight: 400;\">M\u00e1s adelante nos invita: \u201cCuidemos la fragilidad de cada hombre, de cada mujer, de cada ni\u00f1o y de cada anciano, con esa actitud solidaria y atenta, la actitud de proximidad del buen samaritano\u201d (79). \u201cLa propuesta es la de hacerse presentes ante el que necesita ayuda sin importar si es parte del propio c\u00edrculo de pertenencia. [\u2026] Es decir nos interpela a dejar de lado toda diferencia y, ante el sufrimiento, volvernos cercanos a cualquiera.\u201d (81)<\/p><p style=\"font-weight: 400;\">El documento nos ofrece tambi\u00e9n referencias al papel esencial de la educaci\u00f3n: \u201cLos educadores y los formadores que, en la escuela o en los diferentes centros de asociaci\u00f3n infantil y juvenil, tienen la ardua tarea de educar a los ni\u00f1os y j\u00f3venes, est\u00e1n llamados a tomar conciencia de que su responsabilidad tiene que ver con las dimensiones morales, espirituales y sociales de la persona\u201d (114)<\/p><p style=\"font-weight: 400;\">Nos recuerda que libertad e igualdad sin fraternidad nos llevan sino a un repliegue sobre las necesidades individuales: \u201cLa fraternidad tiene algo positivo que ofrecer a la libertad y a la igualdad. \u00bfQu\u00e9 ocurre sin la fraternidad cultivada conscientemente, sin una voluntad pol\u00edtica de fraternidad, traducida en una educaci\u00f3n para la fraternidad, para el di\u00e1logo, para el descubrimiento de la reciprocidad y el enriquecimiento mutuo como valores?\u201d (103). El TEI, es sin duda muchas cosas, pero a la luz de <em>Fratelli tutti<\/em>, quiz\u00e1s se percibe que es, sobre todo, una pedagog\u00eda de la fraternidad.<\/p><p>\u00a0<\/p>\t\t\t\t\t\t\t\t<\/div>\n\t\t\t\t<\/div>\n\t\t\t\t\t<\/div>\n\t\t<\/div>\n\t\t\t\t\t<\/div>\n\t\t<\/section>\n\t\t\t\t<\/div>\n\t\t","protected":false},"excerpt":{"rendered":"<p>https:\/\/www.youtube.com\/watch?v=kyeV2M94tZAhttps:\/\/youtu.be\/E467a7NfYgM La reciente publicaci\u00f3n de la carta enc\u00edclica del papa Francisco Fratelli tutti, sobre la fraternidad y amistad social, es un ejemplo muy relevante del completo alineamiento que el Programa TEI de tutor\u00eda entre iguales, tiene con el humanismo cristiano. Aunque la carta est\u00e1 escrita desde sus convicciones cristianas, el Papa nos recuerda que \u201c\u2026he procurado hacerlo de tal manera que la reflexi\u00f3n se abra al di\u00e1logo con todas las personas de buena voluntad\u201d (7). En este sentido se trata de un gran documento, hondo y rico, magistralmente formulado, capaz de suscitar amplios consensos sobre la importancia y el origen de los males que aquejan a la humanidad, \u201clas sombras de un mundo cerrado\u201d y como las soluciones propuestas pasan por un permanente redescubrimiento del bien que nos trae la fraternidad entre las personas, una fraternidad que yendo m\u00e1s all\u00e1 de los c\u00edrculos estrechos de la familia y los amigos, nos proyecta hacia todos aquellos que sufren, ya sean cercanos o lejanos, conocidos o no. \u201cUn ser humano est\u00e1 hecho de tal manera que no se realiza, no se desarrolla ni puede encontrar su plenitud \u201csi no es en la entrega sincera de s\u00ed mismo a los dem\u00e1s\u201d\u201d (87) Esa fraternidad la vincula el Papa a la naturaleza humana y a la felicidad de quien busca el apego a lo bueno, a trav\u00e9s de una vida servicio: \u201cel servicio \u201ces en gran parte cuidar la fragilidad. Servir significa cuidar a los fr\u00e1giles de nuestras familias, de nuestra sociedad, de nuestro pueblo\u201d.\u00a0 En esta tarea cada uno es capaz \u201cde dejar de lado sus b\u00fasquedas, afanes, deseos de omnipotencia ante la mirada concreta de lo m\u00e1s fr\u00e1giles [\u2026] El servicio mira el rostro del hermano, toca su carne, siente su projimidad y hasta en algunos casos \u201cle padece\u201d y busca la promoci\u00f3n del hermano. Por eso el servicio no es ideol\u00f3gico, ya que no sirve a ideas, sino que sirve a personas\u201d. En el cap\u00edtulo segundo, \u201cun extra\u00f1o en el camino\u201d, el Papa hace uso del conocido relato evang\u00e9lico del buen samaritano, para profundizar en las ra\u00edces de la fraternidad, analizando el papel jugado por los distintos protagonistas de la par\u00e1bola. Hablando de los ladrones que en el relato robaron e hirieron al caminante, escribe: \u201cLos \u201csalteadores del camino\u201d suelen tener como aliados a los que \u201cpasan por el camino mirando a otro lado\u201d\u201d (75). Es una referencia muy directa al papel tan negativo que tienen los espectadores de un agresi\u00f3n al inhibirse y no poner freno o no denunciar lo que est\u00e1n presenciando. Nos recuerda el gran \u00e9nfasis que pone la pedagog\u00eda TEI en movilizar a quienes presencian y asisten a situaciones donde una persona humilla a otra, por el simple placer de hacerle da\u00f1o y de demostrar que puede proceder as\u00ed ya que nadie est\u00e1 dispuesto a interponerse e impedirlo. La pregunta que cualquiera hemos de responder: \u201c\u00bfDejaremos tirado al que est\u00e1 lastimado para correr cada uno a guarecerse de la violencia o a perseguir a los ladrones?\u201d (73) M\u00e1s adelante nos invita: \u201cCuidemos la fragilidad de cada hombre, de cada mujer, de cada ni\u00f1o y de cada anciano, con esa actitud solidaria y atenta, la actitud de proximidad del buen samaritano\u201d (79). \u201cLa propuesta es la de hacerse presentes ante el que necesita ayuda sin importar si es parte del propio c\u00edrculo de pertenencia. [\u2026] Es decir nos interpela a dejar de lado toda diferencia y, ante el sufrimiento, volvernos cercanos a cualquiera.\u201d (81) El documento nos ofrece tambi\u00e9n referencias al papel esencial de la educaci\u00f3n: \u201cLos educadores y los formadores que, en la escuela o en los diferentes centros de asociaci\u00f3n infantil y juvenil, tienen la ardua tarea de educar a los ni\u00f1os y j\u00f3venes, est\u00e1n llamados a tomar conciencia de que su responsabilidad tiene que ver con las dimensiones morales, espirituales y sociales de la persona\u201d (114) Nos recuerda que libertad e igualdad sin fraternidad nos llevan sino a un repliegue sobre las necesidades individuales: \u201cLa fraternidad tiene algo positivo que ofrecer a la libertad y a la igualdad. \u00bfQu\u00e9 ocurre sin la fraternidad cultivada conscientemente, sin una voluntad pol\u00edtica de fraternidad, traducida en una educaci\u00f3n para la fraternidad, para el di\u00e1logo, para el descubrimiento de la reciprocidad y el enriquecimiento mutuo como valores?\u201d (103). El TEI, es sin duda muchas cosas, pero a la luz de Fratelli tutti, quiz\u00e1s se percibe que es, sobre todo, una pedagog\u00eda de la fraternidad. \u00a0<\/p>\n","protected":false},"author":1,"featured_media":0,"parent":0,"menu_order":0,"comment_status":"closed","ping_status":"closed","template":"","meta":{"footnotes":""},"wf_page_folders":[19],"class_list":["post-5932","page","type-page","status-publish","hentry"],"_links":{"self":[{"href":"https:\/\/csasevilla.org\/WordPress\/index.php\/wp-json\/wp\/v2\/pages\/5932","targetHints":{"allow":["GET"]}}],"collection":[{"href":"https:\/\/csasevilla.org\/WordPress\/index.php\/wp-json\/wp\/v2\/pages"}],"about":[{"href":"https:\/\/csasevilla.org\/WordPress\/index.php\/wp-json\/wp\/v2\/types\/page"}],"author":[{"embeddable":true,"href":"https:\/\/csasevilla.org\/WordPress\/index.php\/wp-json\/wp\/v2\/users\/1"}],"replies":[{"embeddable":true,"href":"https:\/\/csasevilla.org\/WordPress\/index.php\/wp-json\/wp\/v2\/comments?post=5932"}],"version-history":[{"count":25,"href":"https:\/\/csasevilla.org\/WordPress\/index.php\/wp-json\/wp\/v2\/pages\/5932\/revisions"}],"predecessor-version":[{"id":5965,"href":"https:\/\/csasevilla.org\/WordPress\/index.php\/wp-json\/wp\/v2\/pages\/5932\/revisions\/5965"}],"wp:attachment":[{"href":"https:\/\/csasevilla.org\/WordPress\/index.php\/wp-json\/wp\/v2\/media?parent=5932"}],"wp:term":[{"taxonomy":"wf_page_folders","embeddable":true,"href":"https:\/\/csasevilla.org\/WordPress\/index.php\/wp-json\/wp\/v2\/wf_page_folders?post=5932"}],"curies":[{"name":"wp","href":"https:\/\/api.w.org\/{rel}","templated":true}]}}

<div data-elementor-type="wp-page" data-elementor-id="5932" class="elementor elementor-5932" data-elementor-post-type="page">
						<section class="elementor-section elementor-top-section elementor-element elementor-element-d586a1a elementor-section-content-top elementor-section-boxed elementor-section-height-default elementor-section-height-default wpr-particle-no wpr-jarallax-no wpr-parallax-no wpr-sticky-section-no" data-id="d586a1a" data-element_type="section">
						<div class="elementor-container elementor-column-gap-default">
					<div class="elementor-column elementor-col-50 elementor-top-column elementor-element elementor-element-f1d189a" data-id="f1d189a" data-element_type="column">
			<div class="elementor-widget-wrap elementor-element-populated">
						<div class="elementor-element elementor-element-d9f8db0 elementor-widget elementor-widget-video" data-id="d9f8db0" data-element_type="widget" data-settings="{&quot;youtube_url&quot;:&quot;https:\/\/www.youtube.com\/watch?v=kyeV2M94tZA&quot;,&quot;video_type&quot;:&quot;youtube&quot;,&quot;controls&quot;:&quot;yes&quot;}" data-widget_type="video.default">
				<div class="elementor-widget-container">
							<div class="elementor-wrapper elementor-open-inline">
			<div class="elementor-video"></div>		</div>
						</div>
				</div>
					</div>
		</div>
				<div class="elementor-column elementor-col-50 elementor-top-column elementor-element elementor-element-ed093ad" data-id="ed093ad" data-element_type="column">
			<div class="elementor-widget-wrap elementor-element-populated">
						<div class="elementor-element elementor-element-a1db08f elementor-widget elementor-widget-video" data-id="a1db08f" data-element_type="widget" data-settings="{&quot;youtube_url&quot;:&quot;https:\/\/youtu.be\/E467a7NfYgM&quot;,&quot;video_type&quot;:&quot;youtube&quot;,&quot;controls&quot;:&quot;yes&quot;}" data-widget_type="video.default">
				<div class="elementor-widget-container">
							<div class="elementor-wrapper elementor-open-inline">
			<div class="elementor-video"></div>		</div>
						</div>
				</div>
					</div>
		</div>
					</div>
		</section>
				<section class="elementor-section elementor-top-section elementor-element elementor-element-933f742 elementor-section-boxed elementor-section-height-default elementor-section-height-default wpr-particle-no wpr-jarallax-no wpr-parallax-no wpr-sticky-section-no" data-id="933f742" data-element_type="section">
						<div class="elementor-container elementor-column-gap-default">
					<div class="elementor-column elementor-col-100 elementor-top-column elementor-element elementor-element-19ddd8e" data-id="19ddd8e" data-element_type="column">
			<div class="elementor-widget-wrap elementor-element-populated">
						<div class="elementor-element elementor-element-728ecc9 elementor-widget elementor-widget-text-editor" data-id="728ecc9" data-element_type="widget" data-widget_type="text-editor.default">
				<div class="elementor-widget-container">
									<p style="font-weight: 400;">La reciente publicación de la carta encíclica del papa Francisco <em>Fratelli tutti</em>, sobre la fraternidad y amistad social, es un ejemplo muy relevante del completo alineamiento que el Programa TEI de tutoría entre iguales, tiene con el humanismo cristiano. Aunque la carta está escrita desde sus convicciones cristianas, el Papa nos recuerda que “…he procurado hacerlo de tal manera que la reflexión se abra al diálogo con todas las personas de buena voluntad” (7).</p><p style="font-weight: 400;">En este sentido se trata de un gran documento, hondo y rico, magistralmente formulado, capaz de suscitar amplios consensos sobre la importancia y el origen de los males que aquejan a la humanidad, “las sombras de un mundo cerrado” y como las soluciones propuestas pasan por un permanente redescubrimiento del bien que nos trae la fraternidad entre las personas, una fraternidad que yendo más allá de los círculos estrechos de la familia y los amigos, nos proyecta hacia todos aquellos que sufren, ya sean cercanos o lejanos, conocidos o no. “Un ser humano está hecho de tal manera que no se realiza, no se desarrolla ni puede encontrar su plenitud “si no es en la entrega sincera de sí mismo a los demás”” (87)</p><p style="font-weight: 400;">Esa fraternidad la vincula el Papa a la naturaleza humana y a la felicidad de quien busca el apego a lo bueno, a través de una vida servicio: “el servicio “es en gran parte cuidar la fragilidad. Servir significa cuidar a los frágiles de nuestras familias, de nuestra sociedad, de nuestro pueblo”.  En esta tarea cada uno es capaz “de dejar de lado sus búsquedas, afanes, deseos de omnipotencia ante la mirada concreta de lo más frágiles […] El servicio mira el rostro del hermano, toca su carne, siente su projimidad y hasta en algunos casos “le padece” y busca la promoción del hermano. Por eso el servicio no es ideológico, ya que no sirve a ideas, sino que sirve a personas”.</p><p style="font-weight: 400;">En el capítulo segundo, “<em>un extraño en el camino”</em>, el Papa hace uso del conocido relato evangélico del buen samaritano, para profundizar en las raíces de la fraternidad, analizando el papel jugado por los distintos protagonistas de la parábola. Hablando de los ladrones que en el relato robaron e hirieron al caminante, escribe: “Los “salteadores del camino” suelen tener como aliados a los que “pasan por el camino mirando a otro lado”” (75). Es una referencia muy directa al papel tan negativo que tienen los espectadores de un agresión al inhibirse y no poner freno o no denunciar lo que están presenciando. Nos recuerda el gran énfasis que pone la pedagogía TEI en movilizar a quienes presencian y asisten a situaciones donde una persona humilla a otra, por el simple placer de hacerle daño y de demostrar que puede proceder así ya que nadie está dispuesto a interponerse e impedirlo. La pregunta que cualquiera hemos de responder: “¿Dejaremos tirado al que está lastimado para correr cada uno a guarecerse de la violencia o a perseguir a los ladrones?” (73)</p><p style="font-weight: 400;">Más adelante nos invita: “Cuidemos la fragilidad de cada hombre, de cada mujer, de cada niño y de cada anciano, con esa actitud solidaria y atenta, la actitud de proximidad del buen samaritano” (79). “La propuesta es la de hacerse presentes ante el que necesita ayuda sin importar si es parte del propio círculo de pertenencia. […] Es decir nos interpela a dejar de lado toda diferencia y, ante el sufrimiento, volvernos cercanos a cualquiera.” (81)</p><p style="font-weight: 400;">El documento nos ofrece también referencias al papel esencial de la educación: “Los educadores y los formadores que, en la escuela o en los diferentes centros de asociación infantil y juvenil, tienen la ardua tarea de educar a los niños y jóvenes, están llamados a tomar conciencia de que su responsabilidad tiene que ver con las dimensiones morales, espirituales y sociales de la persona” (114)</p><p style="font-weight: 400;">Nos recuerda que libertad e igualdad sin fraternidad nos llevan sino a un repliegue sobre las necesidades individuales: “La fraternidad tiene algo positivo que ofrecer a la libertad y a la igualdad. ¿Qué ocurre sin la fraternidad cultivada conscientemente, sin una voluntad política de fraternidad, traducida en una educación para la fraternidad, para el diálogo, para el descubrimiento de la reciprocidad y el enriquecimiento mutuo como valores?” (103). El TEI, es sin duda muchas cosas, pero a la luz de <em>Fratelli tutti</em>, quizás se percibe que es, sobre todo, una pedagogía de la fraternidad.</p><p> </p>								</div>
				</div>
					</div>
		</div>
					</div>
		</section>
				</div>

<p>https://www.youtube.com/watch?v=kyeV2M94tZAhttps://youtu.be/E467a7NfYgM La reciente publicación de la carta encíclica del papa Francisco Fratelli tutti, sobre la fraternidad y amistad social, es un ejemplo muy relevante del completo alineamiento que el Programa TEI de tutoría entre iguales, tiene con el humanismo cristiano. Aunque la carta está escrita desde sus convicciones cristianas, el Papa nos recuerda que “…he procurado hacerlo de tal manera que la reflexión se abra al diálogo con todas las personas de buena voluntad” (7). En este sentido se trata de un gran documento, hondo y rico, magistralmente formulado, capaz de suscitar amplios consensos sobre la importancia y el origen de los males que aquejan a la humanidad, “las sombras de un mundo cerrado” y como las soluciones propuestas pasan por un permanente redescubrimiento del bien que nos trae la fraternidad entre las personas, una fraternidad que yendo más allá de los círculos estrechos de la familia y los amigos, nos proyecta hacia todos aquellos que sufren, ya sean cercanos o lejanos, conocidos o no. “Un ser humano está hecho de tal manera que no se realiza, no se desarrolla ni puede encontrar su plenitud “si no es en la entrega sincera de sí mismo a los demás”” (87) Esa fraternidad la vincula el Papa a la naturaleza humana y a la felicidad de quien busca el apego a lo bueno, a través de una vida servicio: “el servicio “es en gran parte cuidar la fragilidad. Servir significa cuidar a los frágiles de nuestras familias, de nuestra sociedad, de nuestro pueblo”.  En esta tarea cada uno es capaz “de dejar de lado sus búsquedas, afanes, deseos de omnipotencia ante la mirada concreta de lo más frágiles […] El servicio mira el rostro del hermano, toca su carne, siente su projimidad y hasta en algunos casos “le padece” y busca la promoción del hermano. Por eso el servicio no es ideológico, ya que no sirve a ideas, sino que sirve a personas”. En el capítulo segundo, “un extraño en el camino”, el Papa hace uso del conocido relato evangélico del buen samaritano, para profundizar en las raíces de la fraternidad, analizando el papel jugado por los distintos protagonistas de la parábola. Hablando de los ladrones que en el relato robaron e hirieron al caminante, escribe: “Los “salteadores del camino” suelen tener como aliados a los que “pasan por el camino mirando a otro lado”” (75). Es una referencia muy directa al papel tan negativo que tienen los espectadores de un agresión al inhibirse y no poner freno o no denunciar lo que están presenciando. Nos recuerda el gran énfasis que pone la pedagogía TEI en movilizar a quienes presencian y asisten a situaciones donde una persona humilla a otra, por el simple placer de hacerle daño y de demostrar que puede proceder así ya que nadie está dispuesto a interponerse e impedirlo. La pregunta que cualquiera hemos de responder: “¿Dejaremos tirado al que está lastimado para correr cada uno a guarecerse de la violencia o a perseguir a los ladrones?” (73) Más adelante nos invita: “Cuidemos la fragilidad de cada hombre, de cada mujer, de cada niño y de cada anciano, con esa actitud solidaria y atenta, la actitud de proximidad del buen samaritano” (79). “La propuesta es la de hacerse presentes ante el que necesita ayuda sin importar si es parte del propio círculo de pertenencia. […] Es decir nos interpela a dejar de lado toda diferencia y, ante el sufrimiento, volvernos cercanos a cualquiera.” (81) El documento nos ofrece también referencias al papel esencial de la educación: “Los educadores y los formadores que, en la escuela o en los diferentes centros de asociación infantil y juvenil, tienen la ardua tarea de educar a los niños y jóvenes, están llamados a tomar conciencia de que su responsabilidad tiene que ver con las dimensiones morales, espirituales y sociales de la persona” (114) Nos recuerda que libertad e igualdad sin fraternidad nos llevan sino a un repliegue sobre las necesidades individuales: “La fraternidad tiene algo positivo que ofrecer a la libertad y a la igualdad. ¿Qué ocurre sin la fraternidad cultivada conscientemente, sin una voluntad política de fraternidad, traducida en una educación para la fraternidad, para el diálogo, para el descubrimiento de la reciprocidad y el enriquecimiento mutuo como valores?” (103). El TEI, es sin duda muchas cosas, pero a la luz de Fratelli tutti, quizás se percibe que es, sobre todo, una pedagogía de la fraternidad.  </p>
