{"id":984,"date":"2020-05-18T10:52:35","date_gmt":"2020-05-18T10:52:35","guid":{"rendered":"http:\/\/csasevilla.org\/WordPress\/?page_id=984"},"modified":"2020-09-04T16:47:15","modified_gmt":"2020-09-04T16:47:15","slug":"convivencia-y-disciplina","status":"publish","type":"page","link":"https:\/\/csasevilla.org\/WordPress\/index.php\/convivencia-y-disciplina","title":{"rendered":"Convivencia y disciplina"},"content":{"rendered":"\t\t<div data-elementor-type=\"wp-page\" data-elementor-id=\"984\" class=\"elementor elementor-984\" data-elementor-post-type=\"page\">\n\t\t\t\t\t\t<section class=\"elementor-section elementor-top-section elementor-element elementor-element-c4db7d0 elementor-section-boxed elementor-section-height-default elementor-section-height-default wpr-particle-no wpr-jarallax-no wpr-parallax-no wpr-sticky-section-no\" data-id=\"c4db7d0\" data-element_type=\"section\">\n\t\t\t\t\t\t<div class=\"elementor-container elementor-column-gap-default\">\n\t\t\t\t\t<div class=\"elementor-column elementor-col-20 elementor-top-column elementor-element elementor-element-36c5907\" data-id=\"36c5907\" data-element_type=\"column\">\n\t\t\t<div class=\"elementor-widget-wrap elementor-element-populated\">\n\t\t\t\t\t\t<div class=\"elementor-element elementor-element-ff91560 elementor-view-framed elementor-shape-circle elementor-widget elementor-widget-icon\" data-id=\"ff91560\" data-element_type=\"widget\" data-widget_type=\"icon.default\">\n\t\t\t\t<div class=\"elementor-widget-container\">\n\t\t\t\t\t\t\t<div class=\"elementor-icon-wrapper\">\n\t\t\t<a class=\"elementor-icon\" href=\"http:\/\/www.csasevilla.org\/WordPress\/wp-content\/uploads\/2020\/documentos\/Plan%20de%20Convivencia%20CSA%20Sevilla%202015.pdf\" target=\"_blank\">\n\t\t\t<i aria-hidden=\"true\" class=\"far fa-file-pdf\"><\/i>\t\t\t<\/a>\n\t\t<\/div>\n\t\t\t\t\t\t<\/div>\n\t\t\t\t<\/div>\n\t\t\t\t<div class=\"elementor-element elementor-element-d221896 elementor-widget elementor-widget-text-editor\" data-id=\"d221896\" data-element_type=\"widget\" data-widget_type=\"text-editor.default\">\n\t\t\t\t<div class=\"elementor-widget-container\">\n\t\t\t\t\t\t\t\t\t<p style=\"text-align: center;\">Plan de convivencia escolar<\/p>\t\t\t\t\t\t\t\t<\/div>\n\t\t\t\t<\/div>\n\t\t\t\t\t<\/div>\n\t\t<\/div>\n\t\t\t\t<div class=\"elementor-column elementor-col-20 elementor-top-column elementor-element elementor-element-6a31092\" data-id=\"6a31092\" data-element_type=\"column\">\n\t\t\t<div class=\"elementor-widget-wrap elementor-element-populated\">\n\t\t\t\t\t\t<div class=\"elementor-element elementor-element-b4f10c7 elementor-view-framed elementor-shape-circle elementor-widget elementor-widget-icon\" data-id=\"b4f10c7\" data-element_type=\"widget\" data-widget_type=\"icon.default\">\n\t\t\t\t<div class=\"elementor-widget-container\">\n\t\t\t\t\t\t\t<div class=\"elementor-icon-wrapper\">\n\t\t\t<a class=\"elementor-icon\" href=\"http:\/\/www.csasevilla.org\/WordPress\/wp-content\/uploads\/2020\/documentos\/ROF%20CSA%20Sevilla%202019-20.pdf\" target=\"_blank\">\n\t\t\t<i aria-hidden=\"true\" class=\"far fa-file-pdf\"><\/i>\t\t\t<\/a>\n\t\t<\/div>\n\t\t\t\t\t\t<\/div>\n\t\t\t\t<\/div>\n\t\t\t\t<div class=\"elementor-element elementor-element-b49a985 elementor-widget elementor-widget-text-editor\" data-id=\"b49a985\" data-element_type=\"widget\" data-widget_type=\"text-editor.default\">\n\t\t\t\t<div class=\"elementor-widget-container\">\n\t\t\t\t\t\t\t\t\t<p style=\"text-align: center;\">Reglamento de organizaci\u00f3n y funcionamento del centro<\/p>\t\t\t\t\t\t\t\t<\/div>\n\t\t\t\t<\/div>\n\t\t\t\t\t<\/div>\n\t\t<\/div>\n\t\t\t\t<div class=\"elementor-column elementor-col-20 elementor-top-column elementor-element elementor-element-5174e6d\" data-id=\"5174e6d\" data-element_type=\"column\">\n\t\t\t<div class=\"elementor-widget-wrap elementor-element-populated\">\n\t\t\t\t\t\t<div class=\"elementor-element elementor-element-0dba6bb elementor-view-framed elementor-shape-circle elementor-widget elementor-widget-icon\" data-id=\"0dba6bb\" data-element_type=\"widget\" data-widget_type=\"icon.default\">\n\t\t\t\t<div class=\"elementor-widget-container\">\n\t\t\t\t\t\t\t<div class=\"elementor-icon-wrapper\">\n\t\t\t<a class=\"elementor-icon\" href=\"http:\/\/www.csasevilla.org\/WordPress\/wp-content\/uploads\/2020\/documentos\/RISTIC.pdf\" target=\"_blank\">\n\t\t\t<i aria-hidden=\"true\" class=\"far fa-file-pdf\"><\/i>\t\t\t<\/a>\n\t\t<\/div>\n\t\t\t\t\t\t<\/div>\n\t\t\t\t<\/div>\n\t\t\t\t<div class=\"elementor-element elementor-element-38060cb elementor-widget elementor-widget-text-editor\" data-id=\"38060cb\" data-element_type=\"widget\" data-widget_type=\"text-editor.default\">\n\t\t\t\t<div class=\"elementor-widget-container\">\n\t\t\t\t\t\t\t\t\t<p style=\"text-align: center;\">Protocolo del uso de las TIC<\/p>\t\t\t\t\t\t\t\t<\/div>\n\t\t\t\t<\/div>\n\t\t\t\t\t<\/div>\n\t\t<\/div>\n\t\t\t\t<div class=\"elementor-column elementor-col-20 elementor-top-column elementor-element elementor-element-0fdb00f\" data-id=\"0fdb00f\" data-element_type=\"column\">\n\t\t\t<div class=\"elementor-widget-wrap elementor-element-populated\">\n\t\t\t\t\t\t<div class=\"elementor-element elementor-element-f30161a elementor-view-framed elementor-shape-circle elementor-widget elementor-widget-icon\" data-id=\"f30161a\" data-element_type=\"widget\" data-widget_type=\"icon.default\">\n\t\t\t\t<div class=\"elementor-widget-container\">\n\t\t\t\t\t\t\t<div class=\"elementor-icon-wrapper\">\n\t\t\t<a class=\"elementor-icon\" href=\"http:\/\/www.csasevilla.org\/WordPress\/wp-content\/uploads\/2020\/documentos\/Anexos%20ROF%20Rigor%20y%20Trasparencia.pdf\" target=\"_blank\">\n\t\t\t<i aria-hidden=\"true\" class=\"far fa-file-pdf\"><\/i>\t\t\t<\/a>\n\t\t<\/div>\n\t\t\t\t\t\t<\/div>\n\t\t\t\t<\/div>\n\t\t\t\t<div class=\"elementor-element elementor-element-8c56aff elementor-widget elementor-widget-text-editor\" data-id=\"8c56aff\" data-element_type=\"widget\" data-widget_type=\"text-editor.default\">\n\t\t\t\t<div class=\"elementor-widget-container\">\n\t\t\t\t\t\t\t\t\t<p style=\"text-align: center;\">Crit\u00e9rios y procedimientos que garantizan el rigor y la transparencia<\/p>\t\t\t\t\t\t\t\t<\/div>\n\t\t\t\t<\/div>\n\t\t\t\t\t<\/div>\n\t\t<\/div>\n\t\t\t\t<div class=\"elementor-column elementor-col-20 elementor-top-column elementor-element elementor-element-027c88c\" data-id=\"027c88c\" data-element_type=\"column\">\n\t\t\t<div class=\"elementor-widget-wrap elementor-element-populated\">\n\t\t\t\t\t\t<div class=\"elementor-element elementor-element-8917861 elementor-view-framed elementor-shape-circle elementor-widget elementor-widget-icon\" data-id=\"8917861\" data-element_type=\"widget\" data-widget_type=\"icon.default\">\n\t\t\t\t<div class=\"elementor-widget-container\">\n\t\t\t\t\t\t\t<div class=\"elementor-icon-wrapper\">\n\t\t\t<a class=\"elementor-icon\" href=\"http:\/\/www.csasevilla.org\/WordPress\/wp-content\/uploads\/2020\/documentos\/Anexos%20Varios%20ROF%202019-20.pdf\" target=\"_blank\">\n\t\t\t<i aria-hidden=\"true\" class=\"far fa-file-pdf\"><\/i>\t\t\t<\/a>\n\t\t<\/div>\n\t\t\t\t\t\t<\/div>\n\t\t\t\t<\/div>\n\t\t\t\t<div class=\"elementor-element elementor-element-519c710 elementor-widget elementor-widget-text-editor\" data-id=\"519c710\" data-element_type=\"widget\" data-widget_type=\"text-editor.default\">\n\t\t\t\t<div class=\"elementor-widget-container\">\n\t\t\t\t\t\t\t\t\t<p style=\"text-align: center;\">Anexos v\u00e1rios al ROF<\/p>\t\t\t\t\t\t\t\t<\/div>\n\t\t\t\t<\/div>\n\t\t\t\t\t<\/div>\n\t\t<\/div>\n\t\t\t\t\t<\/div>\n\t\t<\/section>\n\t\t\t\t<section class=\"elementor-section elementor-top-section elementor-element elementor-element-34195000 elementor-section-boxed elementor-section-height-default elementor-section-height-default wpr-particle-no wpr-jarallax-no wpr-parallax-no wpr-sticky-section-no\" data-id=\"34195000\" data-element_type=\"section\">\n\t\t\t\t\t\t<div class=\"elementor-container elementor-column-gap-default\">\n\t\t\t\t\t<div class=\"elementor-column elementor-col-100 elementor-top-column elementor-element elementor-element-4dee59df\" data-id=\"4dee59df\" data-element_type=\"column\">\n\t\t\t<div class=\"elementor-widget-wrap elementor-element-populated\">\n\t\t\t\t\t\t<div class=\"elementor-element elementor-element-7ba68c86 elementor-widget elementor-widget-text-editor\" data-id=\"7ba68c86\" data-element_type=\"widget\" data-widget_type=\"text-editor.default\">\n\t\t\t\t<div class=\"elementor-widget-container\">\n\t\t\t\t\t\t\t\t\t\n<h4 class=\"wp-block-heading\">Normas de convivencia del centro<\/h4>\n\n\n\n<ol class=\"wp-block-list\"><li>Las normas de convivencia del Centro definen las caracter\u00edsticas de las conductas que deben promoverse para lograr:<br><br><ol><li>El crecimiento integral de la persona.<\/li><li>Los fines educativos del Centro, en desarrollo del car\u00e1cter propio y del proyecto educativo del Centro.<\/li><li>El desarrollo de la Comunidad Educativa.<\/li><li>Un buen ambiente educativo y de relaci\u00f3n en el Centro.<\/li><li>El respeto a los derechos de todas las personas que participan en la acci\u00f3n educativa.<\/li><\/ol><br><\/li><li>Las Normas de Convivencia del Colegio San Agust\u00edn de Sevilla, de Obligado Cumplimiento, son las siguientes:<br><br><ol><li>Los alumnos y alumnas respetar\u00e1n la integridad f\u00edsica y moral, y los bienes de las personas que integran la Comunidad Educativa y tambi\u00e9n de aquellas otras personas o instituciones que se relacionen con el Colegio San Agust\u00edn con ocasi\u00f3n de la realizaci\u00f3n de actividades y prestaci\u00f3n de servicios al mismo.<br><br><\/li><li>Es un deber para los alumnos y alumnas la realizaci\u00f3n de las actividades y tareas escolares encomendadas por el profesorado, demostrando su compromiso para con sus responsabilidades acad\u00e9micas.<br><br><\/li><li>El alumnado no perturbar\u00e1 la buena marcha de las clases, interrumpiendo, hablando sin permiso, efectuando tareas diferentes a las propuestas, haciendo ruidos, comentarios inapropiados o realizando cualquier acto que perturbe el normal desarrollo de las actividades lectivas.<br><br><\/li><li>Los alumnos y alumnas deber\u00e1n aprovechar las horas de estudio que el Colegio les ofrece dedic\u00e1ndolas a esta actividad, respetando as\u00ed el derecho al estudio de sus compa\u00f1eros y compa\u00f1eras.<br><br><\/li><li>El alumnado traer\u00e1 para cada materia los libros y el material escolar necesario. En la materia de Educaci\u00f3n F\u00edsica, se utilizar\u00e1 la equipaci\u00f3n deportiva oficial, es decir, equipaci\u00f3n deportiva con el Escudo del Colegio.<br><br><\/li><li>Los alumnos y alumnas tienen el deber primordial de asistir a clase y a las dem\u00e1s actividades de car\u00e1cter obligatorio organizadas por el Colegio ya sean dentro de sus instalaciones o fuera de ellas. Las ausencias ser\u00e1n siempre por causas mayores, debidamente justificadas por escrito, por parte de los padres o tutores legales.<br><br><\/li><li>Los alumnos y alumnas deber\u00e1n asistir puntualmente a las actividades escolares, inicio de la jornada escolar, finalizaci\u00f3n del recreo, cambios de aulas, etc. El retraso en el comienzo de la jornada escolar se justificar\u00e1 tambi\u00e9n por escrito por parte de los padres o tutores legales.<br><br><\/li><li>Para que un alumno o alumna, pueda ausentarse del Colegio en el transcurso de la jornada escolar, habr\u00e1 de ser recogido por su madre, padre, tutores legales o cualquier persona mayor de edad, siempre que \u00e9sta haya sido previamente autorizada por escrito. La persona que recoja al menor, dejar\u00e1 siempre constancia escrita de ello en un registro habilitado a tal efecto que se encuentra en la recepci\u00f3n del Colegio.<br><br><\/li><li>El alumnado mostrar\u00e1 una actitud respetuosa y tolerante con los dem\u00e1s alumnos y alumnas y no agredir\u00e1, humillar\u00e1 o discriminar\u00e1 (ni f\u00edsica ni verbalmente) a sus compa\u00f1eros o compa\u00f1eras. No est\u00e1n permitidos los juegos violentos ni las bromas pesadas. No se tolerar\u00e1n las amenazas o coacciones a ning\u00fan miembro de la comunidad educativa.<br><br><\/li><li>Los alumnos y alumnas se mostrar\u00e1n correctos en el trato social, evitando expresiones groseras, amenazantes, malsonantes, blasfemas o vejatorias. Las normas de cortes\u00eda en los saludos, agradecimientos y despedidas siempre ser\u00e1n exigibles.<br><br><\/li><li>Los alumnos y alumnas tratar\u00e1n siempre con respeto y correcci\u00f3n al personal docente.<br><br><\/li><li>Los alumnos y alumnas tratar\u00e1n siempre con respeto y correcci\u00f3n al personal de administraci\u00f3n y servicios y al personal de mantenimiento y limpieza. El alumnado colaborar\u00e1 para que el trabajo de este personal sea m\u00e1s llevadero, poniendo especial cuidado en mantener las aulas limpias y ordenadas y haciendo un buen uso de los servicios y papeleras.<br><br><\/li><li>Es un deber de todo el alumnado respetar las pertenencias de los dem\u00e1s.<br><br><\/li><li>El alumnado prestar\u00e1 su colaboraci\u00f3n en la soluci\u00f3n y esclarecimiento de las cuestiones que se planteen en el funcionamiento del Colegio.<br><br><\/li><li>Los alumnos y alumnas se har\u00e1n responsables de aquellos cargos y funciones que les sean asignados por el profesorado.<br><br><\/li><li>Los alumnos y alumnas actuar\u00e1n de buena fe y con lealtad para con el profesorado y sus compa\u00f1eros y compa\u00f1eras evitando enga\u00f1ar, simular, confundir o desinformar.<br><br><\/li><li>El alumnado se har\u00e1 responsable de comunicar y hacer llegar a sus madres y padres aquella informaci\u00f3n que el Colegio les entrega para casa: boletines de calificaciones, circulares informativas, cartas, notificaciones, citas con el tutor\/a, etc.<br><br><\/li><li>Los alumnos y alumnas mostrar\u00e1n una actitud receptiva ante las amonestaciones, apercibimientos por escrito o cualquiera otra correcci\u00f3n o medida disciplinaria que les sea impuesta.<br><br><\/li><li>Los alumnos y alumnas acudir\u00e1n al colegio debidamente aseados y correctamente vestidos, siguiendo los criterios de uniformidad establecidos para cada etapa educativa. Es obligatorio la utilizaci\u00f3n diaria de la ropa deportiva del Colegio para los alumnos y las alumnas de la Etapa de Educaci\u00f3n Infantil. La direcci\u00f3n determinar\u00e1 y comunicar\u00e1 al alumnado y a sus familias, qu\u00e9 complementos o prendas de vestir no est\u00e1n permitidas en el interior del Colegio.<br><br><\/li><li>Los alumnos y alumnas no podr\u00e1n acceder al interior de los edificios y aulas durante el recreo, salvo permiso expreso por parte de alg\u00fan miembro del profesorado.<br><br><\/li><li>Los alumnos y alumnas deben guardar una buena compostura fuera del aula, en los pasillos y en las dem\u00e1s instalaciones del colegio. En el aula, esta norma atender\u00e1 especialmente a que los alumnos se sienten correctamente y a la prohibici\u00f3n de comer y de mascar chicle. Esta buena compostura y actitud ser\u00e1n igualmente exigibles para las actividades escolares y extraescolares organizadas fuera del Colegio.<br><br><\/li><li>El Colegio no permite en su interior el consumo de bebidas alcoh\u00f3licas. Tampoco est\u00e1 permitido fumar, ni consumir drogas, de cualquier tipo. Esta prohibici\u00f3n es extensible a las actividades organizadas por el colegio fuera de sus instalaciones, tales como excursiones, viajes, actividades formativas, etc.<br><br><\/li><li>El alumnado no podr\u00e1 utilizar en el interior del Colegio, el tel\u00e9fono m\u00f3vil o cualquier otro dispositivo electr\u00f3nico, salvo en el caso de autorizaci\u00f3n expresa por parte de alg\u00fan miembro del profesorado. Con car\u00e1cter general, se recomienda a los alumnos y alumnas que dejen los tel\u00e9fonos m\u00f3viles en su domicilio y no los traigan consigo.<br><br><\/li><li>Los alumnos y alumnas no traer\u00e1n al Colegio enseres o pertenencias contrarias al Ideario del mismo.<br><br><\/li><li>Los alumnos y alumnas que accedan al colegio con veh\u00edculo propio (bicicleta o ciclomotor) deber\u00e1n aparcarlo en los lugares habilitados para ello. Queda terminantemente prohibida la circulaci\u00f3n de estos veh\u00edculos dentro del recinto escolar, prohibici\u00f3n extensible a patines, tablas de skate, etc.<br><br><\/li><li>Los alumnos y alumnas har\u00e1n un uso correcto de las instalaciones del Colegio, del mobiliario y del material escolar y deportivo, siendo responsables de los da\u00f1os y deterioros ocasionados por una utilizaci\u00f3n descuidada o negligente.<br><br><\/li><li>Los alumnos y alumnas pondr\u00e1n especial cuidado en la conservaci\u00f3n de los espacios verdes del Colegio. No est\u00e1 permitido pisar la hierba, trepar a los \u00e1rboles o arrancar flores, hojas, ramas y frutos.<br><br><\/li><li>El alumnado deber\u00e1 hacer un uso adecuado y responsable de los recursos materiales que el colegio ofrece, evitando el despilfarro de energ\u00eda el\u00e9ctrica, agua potable, papel, material escolar, etc. Tambi\u00e9n colaborar\u00e1 activamente en los programas de reducci\u00f3n del consumo de energ\u00eda y de reciclaje que el colegio arbitre.<br><br><\/li><li>Los alumnos y alumnas no deber\u00e1n traer o invitar al Colegio a personas ajenas al mismo, sin permiso expreso del Coordinador de Convivencia o del Jefe de Estudios. En cualquier caso, los alumnos o alumnas ser\u00e1n responsables de las actuaciones de estas personas.<br><br><\/li><li>Los miembros de la Comunidad Educativa y de cada uno de sus estamentos habr\u00e1n de cumplir con los deberes que se se\u00f1alan en la legislaci\u00f3n vigente y en el presente Reglamento, especialmente los derivados del Car\u00e1cter Propio y del Proyecto Educativo del Centro.<br><br><\/li><li>Ser\u00e1n tambi\u00e9n normas de convivencia todas aquellas que proponga la Entidad Titular del Colegio San Agust\u00edn de Sevilla para concretar \u00e9stas, haci\u00e9ndolas p\u00fablicas, as\u00ed como cu\u00e1ntas puedan proceder de la legislaci\u00f3n vigente.<br><br><\/li><li>Con car\u00e1cter general, se deber\u00e1 respetar el Ideario del Colegio, manifestado en los apartados anteriores<\/li><\/ol><\/li><\/ol>\n\t\t\t\t\t\t\t\t<\/div>\n\t\t\t\t<\/div>\n\t\t\t\t\t<\/div>\n\t\t<\/div>\n\t\t\t\t\t<\/div>\n\t\t<\/section>\n\t\t\t\t<\/div>\n\t\t","protected":false},"excerpt":{"rendered":"<p>Plan de convivencia escolar Reglamento de organizaci\u00f3n y funcionamento del centro Protocolo del uso de las TIC Crit\u00e9rios y procedimientos que garantizan el rigor y la transparencia Anexos v\u00e1rios al ROF Normas de convivencia del centro Las normas de convivencia del Centro definen las caracter\u00edsticas de las conductas que deben promoverse para lograr: El crecimiento integral de la persona. Los fines educativos del Centro, en desarrollo del car\u00e1cter propio y del proyecto educativo del Centro. El desarrollo de la Comunidad Educativa. Un buen ambiente educativo y de relaci\u00f3n en el Centro. El respeto a los derechos de todas las personas que participan en la acci\u00f3n educativa. Las Normas de Convivencia del Colegio San Agust\u00edn de Sevilla, de Obligado Cumplimiento, son las siguientes: Los alumnos y alumnas respetar\u00e1n la integridad f\u00edsica y moral, y los bienes de las personas que integran la Comunidad Educativa y tambi\u00e9n de aquellas otras personas o instituciones que se relacionen con el Colegio San Agust\u00edn con ocasi\u00f3n de la realizaci\u00f3n de actividades y prestaci\u00f3n de servicios al mismo. Es un deber para los alumnos y alumnas la realizaci\u00f3n de las actividades y tareas escolares encomendadas por el profesorado, demostrando su compromiso para con sus responsabilidades acad\u00e9micas. El alumnado no perturbar\u00e1 la buena marcha de las clases, interrumpiendo, hablando sin permiso, efectuando tareas diferentes a las propuestas, haciendo ruidos, comentarios inapropiados o realizando cualquier acto que perturbe el normal desarrollo de las actividades lectivas. Los alumnos y alumnas deber\u00e1n aprovechar las horas de estudio que el Colegio les ofrece dedic\u00e1ndolas a esta actividad, respetando as\u00ed el derecho al estudio de sus compa\u00f1eros y compa\u00f1eras. El alumnado traer\u00e1 para cada materia los libros y el material escolar necesario. En la materia de Educaci\u00f3n F\u00edsica, se utilizar\u00e1 la equipaci\u00f3n deportiva oficial, es decir, equipaci\u00f3n deportiva con el Escudo del Colegio. Los alumnos y alumnas tienen el deber primordial de asistir a clase y a las dem\u00e1s actividades de car\u00e1cter obligatorio organizadas por el Colegio ya sean dentro de sus instalaciones o fuera de ellas. Las ausencias ser\u00e1n siempre por causas mayores, debidamente justificadas por escrito, por parte de los padres o tutores legales. Los alumnos y alumnas deber\u00e1n asistir puntualmente a las actividades escolares, inicio de la jornada escolar, finalizaci\u00f3n del recreo, cambios de aulas, etc. El retraso en el comienzo de la jornada escolar se justificar\u00e1 tambi\u00e9n por escrito por parte de los padres o tutores legales. Para que un alumno o alumna, pueda ausentarse del Colegio en el transcurso de la jornada escolar, habr\u00e1 de ser recogido por su madre, padre, tutores legales o cualquier persona mayor de edad, siempre que \u00e9sta haya sido previamente autorizada por escrito. La persona que recoja al menor, dejar\u00e1 siempre constancia escrita de ello en un registro habilitado a tal efecto que se encuentra en la recepci\u00f3n del Colegio. El alumnado mostrar\u00e1 una actitud respetuosa y tolerante con los dem\u00e1s alumnos y alumnas y no agredir\u00e1, humillar\u00e1 o discriminar\u00e1 (ni f\u00edsica ni verbalmente) a sus compa\u00f1eros o compa\u00f1eras. No est\u00e1n permitidos los juegos violentos ni las bromas pesadas. No se tolerar\u00e1n las amenazas o coacciones a ning\u00fan miembro de la comunidad educativa. Los alumnos y alumnas se mostrar\u00e1n correctos en el trato social, evitando expresiones groseras, amenazantes, malsonantes, blasfemas o vejatorias. Las normas de cortes\u00eda en los saludos, agradecimientos y despedidas siempre ser\u00e1n exigibles. Los alumnos y alumnas tratar\u00e1n siempre con respeto y correcci\u00f3n al personal docente. Los alumnos y alumnas tratar\u00e1n siempre con respeto y correcci\u00f3n al personal de administraci\u00f3n y servicios y al personal de mantenimiento y limpieza. El alumnado colaborar\u00e1 para que el trabajo de este personal sea m\u00e1s llevadero, poniendo especial cuidado en mantener las aulas limpias y ordenadas y haciendo un buen uso de los servicios y papeleras. Es un deber de todo el alumnado respetar las pertenencias de los dem\u00e1s. El alumnado prestar\u00e1 su colaboraci\u00f3n en la soluci\u00f3n y esclarecimiento de las cuestiones que se planteen en el funcionamiento del Colegio. Los alumnos y alumnas se har\u00e1n responsables de aquellos cargos y funciones que les sean asignados por el profesorado. Los alumnos y alumnas actuar\u00e1n de buena fe y con lealtad para con el profesorado y sus compa\u00f1eros y compa\u00f1eras evitando enga\u00f1ar, simular, confundir o desinformar. El alumnado se har\u00e1 responsable de comunicar y hacer llegar a sus madres y padres aquella informaci\u00f3n que el Colegio les entrega para casa: boletines de calificaciones, circulares informativas, cartas, notificaciones, citas con el tutor\/a, etc. Los alumnos y alumnas mostrar\u00e1n una actitud receptiva ante las amonestaciones, apercibimientos por escrito o cualquiera otra correcci\u00f3n o medida disciplinaria que les sea impuesta. Los alumnos y alumnas acudir\u00e1n al colegio debidamente aseados y correctamente vestidos, siguiendo los criterios de uniformidad establecidos para cada etapa educativa. Es obligatorio la utilizaci\u00f3n diaria de la ropa deportiva del Colegio para los alumnos y las alumnas de la Etapa de Educaci\u00f3n Infantil. La direcci\u00f3n determinar\u00e1 y comunicar\u00e1 al alumnado y a sus familias, qu\u00e9 complementos o prendas de vestir no est\u00e1n permitidas en el interior del Colegio. Los alumnos y alumnas no podr\u00e1n acceder al interior de los edificios y aulas durante el recreo, salvo permiso expreso por parte de alg\u00fan miembro del profesorado. Los alumnos y alumnas deben guardar una buena compostura fuera del aula, en los pasillos y en las dem\u00e1s instalaciones del colegio. En el aula, esta norma atender\u00e1 especialmente a que los alumnos se sienten correctamente y a la prohibici\u00f3n de comer y de mascar chicle. Esta buena compostura y actitud ser\u00e1n igualmente exigibles para las actividades escolares y extraescolares organizadas fuera del Colegio. El Colegio no permite en su interior el consumo de bebidas alcoh\u00f3licas. Tampoco est\u00e1 permitido fumar, ni consumir drogas, de cualquier tipo. Esta prohibici\u00f3n es extensible a las actividades organizadas por el colegio fuera de sus instalaciones, tales como excursiones, viajes, actividades formativas, etc. El alumnado no podr\u00e1 utilizar en el interior del Colegio, el tel\u00e9fono m\u00f3vil o cualquier otro dispositivo electr\u00f3nico, salvo en el caso de autorizaci\u00f3n expresa por parte de alg\u00fan miembro del profesorado.<\/p>\n","protected":false},"author":1,"featured_media":672,"parent":0,"menu_order":0,"comment_status":"closed","ping_status":"closed","template":"","meta":{"footnotes":""},"wf_page_folders":[18],"class_list":["post-984","page","type-page","status-publish","has-post-thumbnail","hentry"],"_links":{"self":[{"href":"https:\/\/csasevilla.org\/WordPress\/index.php\/wp-json\/wp\/v2\/pages\/984","targetHints":{"allow":["GET"]}}],"collection":[{"href":"https:\/\/csasevilla.org\/WordPress\/index.php\/wp-json\/wp\/v2\/pages"}],"about":[{"href":"https:\/\/csasevilla.org\/WordPress\/index.php\/wp-json\/wp\/v2\/types\/page"}],"author":[{"embeddable":true,"href":"https:\/\/csasevilla.org\/WordPress\/index.php\/wp-json\/wp\/v2\/users\/1"}],"replies":[{"embeddable":true,"href":"https:\/\/csasevilla.org\/WordPress\/index.php\/wp-json\/wp\/v2\/comments?post=984"}],"version-history":[{"count":12,"href":"https:\/\/csasevilla.org\/WordPress\/index.php\/wp-json\/wp\/v2\/pages\/984\/revisions"}],"predecessor-version":[{"id":2370,"href":"https:\/\/csasevilla.org\/WordPress\/index.php\/wp-json\/wp\/v2\/pages\/984\/revisions\/2370"}],"wp:featuredmedia":[{"embeddable":true,"href":"https:\/\/csasevilla.org\/WordPress\/index.php\/wp-json\/wp\/v2\/media\/672"}],"wp:attachment":[{"href":"https:\/\/csasevilla.org\/WordPress\/index.php\/wp-json\/wp\/v2\/media?parent=984"}],"wp:term":[{"taxonomy":"wf_page_folders","embeddable":true,"href":"https:\/\/csasevilla.org\/WordPress\/index.php\/wp-json\/wp\/v2\/wf_page_folders?post=984"}],"curies":[{"name":"wp","href":"https:\/\/api.w.org\/{rel}","templated":true}]}}